d derivative of -1/12*k**4 + 0 - 2/3*k**3 - 3/2*k**2 + k. What is d(-4)?
-3
Let s(w) = -w - 2. Let j be (-2)/((-8)/(-4))*(5 - 5). What is s(j)?
-2
Let s(c) = -2*c + c**2 + 3 + 1 - 2*c. Let y be s(4). Let i(d) = d**3 - 4*d**2 + d + 4. Give i(y).
8
Let b(t) = -3*t**3 + t**2 + t - 1. Suppose 0*v + 5*j = -3*v - 14, -j = 3*v - 2. Calculate b(v).
-19
Let p(m) be the third derivative of -m**4/3 - m**3/6 + 11*m**2. Suppose 2 = 4*r - 6*r. Calculate p(r).
7
Let q(t) = t**2 - 4*t + 2. Let n be ((-50)/15)/(1/(-6)). Suppose -4*d - 8 = -n. What is q(d)?
-1
Let k(a) = -7*a**2 + 2*a - 11. Let q(w) = -1 + w**2 - w + 2*w + 2 + 0. Let f(c) = k(c) + 5*q(c). Calculate f(4).
-10
Suppose 5*l + 4*h = -40, -2*h = -l - 0*h + 6. Let x(t) = 2*t - 2 + 7 - t. Let w be x(l). Let a(n) = 3*n**3 - n**2 + 2*n - 1. What is a(w)?
3
Let a(q) = q**3 - 5*q**2 + 7*q - 4. Let u = 0 - 0. Let x be 4/1 - u/6. What is a(x)?
8
Let b be (-1*1)/((-11)/99). Let o(x) = 12*x + x**2 + 5 - 8*x - b. Determine o(-6).
8
Let c(d) = d**3 + 8*d**2 + 7*d - 1. Let l(g) = -g**3 - 9*g**2 - 8*g + 2. Let q(x) = 4*c(x) + 3*l(x). Let k be q(-4). Let n(z) = -k + 3 - 4*z + 5*z. Give n(3).
4
Let v(b) = -5*b**2 + 6 - 3*b - b - b**3 - 3. Let n be 138/(-33) - (-2)/11. Determine v(n).
3
Let b(h) = -6*h + 1. Let t be (-46)/10 - (-4)/(-10). Let y(j) = j**2 + 10*j + 18. Let l be y(-8). Let n be 0/t + (1 - l). Determine b(n).
7
Let r(d) = -d**2 + 4*d + 16. Let c be r(6). Let q(b) = -b**2 + 2*b + 3. Determine q(c).
-5
Let h(g) be the third derivative of g**4/24 - 11*g**3/6 + 12*g**2. Suppose -3*w + 7 = -8. What is h(w)?
-6
Let t = 12 + -6. Let v be 3/(-2)*(-8)/t. Let j(u) = -5*u - v + u**2 + 5*u - 2*u. What is j(4)?
6
Let f(t) be the second derivative of t**3/6 - 5*t**2 + 6*t. Give f(9).
-1
Let i = -29 + 29. Let q(o) = -o**2 + o - 8. Determine q(i).
-8
Let c(n) = 1. Let q(k) = k + 9. Suppose 4 - 1 = -3*s. Let d(w) = s*q(w) + 5*c(w). Give d(-2).
-2
Suppose 4*d + 2 = -10. Let n(r) be the second derivative of -1/20*r**5 - 1/3*r**3 - 3/2*r**2 - 1/3*r**4 + 0 + 3*r. Give n(d).
-6
Let o(l) = l + 1. Let r(m) = -m**2 + 7. Let s(f) = -3*o(f) + r(f). Calculate s(-4).
0
Let j(v) = v**2 - 5*v - 1. Let a = -3 - -2. Let t = 6 + a. What is j(t)?
-1
Let s be -1*(-2 + (-2)/2). Suppose -2*g - 1 - s = 0. Let f(p) be the first derivative of 2*p**2 - p + 1. Give f(g).
-9
Let b(h) = h - 2. Let r be 1/(-3 - (-64)/20)*1. What is b(r)?
3
Suppose -3*k - 6 = -5*k. Let d(b) = -k + 2 + 2*b**2 + 2 - 11*b**2 + 2*b. Give d(-1).
-10
Let v(w) = 2*w + 2. Suppose 0 = -2*q - 6, -14 = r + 5*q + 1. Let g(y) = -y**3 - y**2 + y + 3. Let o be g(r). Determine v(o).
8
Suppose -5*p + 40 = -10*p. Let k(g) = -g**2 - 10*g - 7. Give k(p).
9
Suppose -1 = -k - 2*t - 7, 3*t = -12. Let b(f) = -2 + 0 + 1 - k*f. Give b(-4).
7
Let s = -11 + 15. Let d be 12/(-2)*6/(-9). Let a(t) = t + 0 - d*t - 1 + 5*t. Give a(s).
7
Let o(u) = u**2 + 2*u - 2. Let k(l) = -6*l**2 - 9*l + 11. Let m = 12 + -7. Suppose 0*i - 55 = m*i. Let p(y) = i*o(y) - 2*k(y). Calculate p(4).
0
Suppose 3*i = 8*i + 4*c - 38, 0 = 3*i - 5*c - 8. Let r(t) = t - 12. Let s be r(i). Let l(j) = -2*j - 5. Calculate l(s).
7
Let m(c) = -c**3 + 5*c**2 - 3. Let j(g) be the second derivative of -3/10*g**5 + 1/2*g**2 + g + 1/6*g**3 - 1/12*g**4 + 0. Let v be j(-1). Calculate m(v).
-3
Let d(n) = n + 8. Let o be d(-7). Suppose 0 = -5*j - 4 + 14, 0 = 4*y + 4*j - 20. Let w(i) = -i**2 + 4 - i**3 + 2*i**y - 5. Calculate w(o).
-1
Suppose -15 = -5*l, -1 = -2*n - 4*l + 3. Let q(u) be the first derivative of -1/2*u**2 - 3*u - 1. Calculate q(n).
1
Let q = 8 + -2. Suppose 0 = -q*a + 3*a - 12. Let c(m) = m**3 + 3*m**2 + 4. What is c(a)?
-12
Suppose -20 = 66*k - 71*k. Let c(s) be the third derivative of -1/120*s**6 - s**2 + 2/3*s**3 - 1/15*s**5 + 0*s**k + 0 + 0*s. Give c(-4).
4
Let k(n) be the first derivative of n**2 + n + 1. Give k(2).
5
Let i(o) be the second derivative of -o**5/20 + o**4/4 + o**3/6 - o**2 - 4*o. Let h be 7/2 + 4/(-8). Give i(h).
1
Let z = 6 - 1. Suppose 2*p + 8 = 22. Let b(i) = -p + 0*i**2 - i**2 + 2*i**2 - 3*i. Determine b(z).
3
Let u(g) = 3 - 7*g + g**2 - 3 + 1. Let m(d) be the first derivative of -d**2/2 + 15*d + 1. Let a be m(9). Determine u(a).
-5
Suppose 0 = -a - 5*x + 15, 0*a + a - 3 = -x. Let t(u) = -2*u**2 + a*u + 4*u + 0*u. Let v(j) = -j**3 + 4*j**2 - 2*j. Let l be v(3). Determine t(l).
-6
Let q(u) = 8*u**2 + 8*u + 4. Let j(w) = -7*w**2 - 8*w - 4. Let o(c) = 7*j(c) + 6*q(c). What is o(-7)?
3
Let o(v) be the first derivative of -v**2 - 5*v + 16. Calculate o(-7).
9
Let r(m) = 4 + 3 + m - 5. Let f be r(-6). Let u(h) be the third derivative of -h**4/12 - h**3/3 - 2*h**2. Determine u(f).
6
Let b = 39 + -47. Let x(v) = -v - 3. What is x(b)?
5
Let q(g) = -g**3 + 11*g**2 + 13*g - 9. Let m be q(12). Let u(t) = 0*t - 3*t**2 - t + 3*t**m + 0*t - 2*t**3 - 4. Give u(4).
8
Let j(d) = 5*d**2 - d. Let u(a) = a - 2. Let q(y) = y - 2. Let f be q(-3). Let t(s) = -s - 2. Let r be t(f). Let o be u(r). Give j(o).
4
Let i(a) = -3*a - 2. Let j be i(-2). Let t(y) = -1 - 5*y + 0*y**3 + 3*y + y**3 + j*y**2. What is t(-4)?
7
Let f = -60 - -55. Let d(r) = r**3 + 6*r**2 + 3*r - 1. Give d(f).
9
Let n(v) be the second derivative of 0 + 7/6*v**3 + 2*v - 5/24*v**4 + v**2 + 1/60*v**5. Let b(z) be the first derivative of n(z). What is b(5)?
7
Let y(o) = -3*o**2 + 35*o - 1. Let v(p) = -p**2 + 12*p. Let k(s) = 17*v(s) - 6*y(s). Let m be 4*-4*15/(-40). Calculate k(m).
6
Let g be -1 + 4 + -10 + 4. Let s(i) = 3*i**2 + 1. Let v(n) = 3*n + 2 - 3*n**2 - 2*n - 3. Let c(k) = g*s(k) - 2*v(k). Determine c(-1).
-2
Let o = 15 - 27. Let l be 2/(-8) + (-27)/o. Let c(i) = 6 + 3*i**l - 4 - 10*i**3 + 9*i**3. Determine c(2).
6
Let t(o) be the third derivative of 0 - 1/120*o**6 - 4*o**2 - 1/24*o**4 + 0*o - 1/2*o**3 - 1/15*o**5. Let z be 8/(-10)*5*1. What is t(z)?
1
Let l(n) = n**3 - 5*n**2 + 4*n. Suppose -4*w = -0*w - 16. Let j be 3 - 2/(4/(-2)). Suppose -2*q + 2 = -j*s + w, -3*q = -15. Calculate l(s).
-6
Let u(q) = -3*q**2 - 9*q + 2. Let z(l) = l**2 + 5*l - 1. Let o(f) = 3*u(f) + 5*z(f). Calculate o(1).
-5
Let h(u) = -2*u - 4. Let l = -85 + 79. Calculate h(l).
8
Let p(h) = h**3 + 6*h**2 - h - 7. Let y = -12 + 13. Suppose 4*w = -w - 3*f - 15, 4*w + 5*f - y = 0. Determine p(w).
-1
Let h(u) be the first derivative of u**6/360 - u**4/24 + 2*u**3 + 8. Let p(k) be the third derivative of h(k). Determine p(-1).
0
Let m = 5 + -3. Let q(s) = s - 2. Let g(w) be the third derivative of -w**3/6 - 5*w**2. Let r(v) = 2*g(v) + q(v). Calculate r(m).
-2
Let o be (1 - 3)/(-2 - -1). Let a(z) = 2*z**3 - 3*z**2 + 2*z - 2. What is a(o)?
6
Suppose 4 = -4*c + 16, -2*g - 1 = c. Let z be (2 + 0/g)/(-2). Let d(k) be the first derivative of -k**4/2 + k**3/3 + k**2 + k - 1. Calculate d(z).
2
Let b = 13 - 25. Let n be (-1)/((b/4)/3). Let v(f) = -9*f - 1. Give v(n).
-10
Let z(u) = 19*u**2 - 1. Let a(p) = -p**3 + 14*p**2 + 15*p + 1. Let b be a(15). Determine z(b).
18
Let m(n) be the third derivative of -n**5/30 - n**4/24 - 42*n**2. Suppose 4*v - 1 = 5*v. Give m(v).
-1
Suppose 5*r - 2 = 3*r. Let u be 1/3*(r + -1). Let v(b) = b**2 - 7. Calculate v(u).
-7
Let j(f) = 4*f - 14. Let s be j(5). Let r(o) = -o - 1. What is r(s)?
-7
Suppose -d = -2*d + 3. Let y(q) = 4*q + 2 - d*q - 3*q + q. Give y(-2).
4
Let l(p) = 3*p. Let s(w) = w**2 + 7*w + 3. Let x be s(-7). Let i be (-3 - -2)*x/(-3). Determine l(i).
3
Let n(k) be the third derivative of -k**6/120 + k**5/15 - k**4/12 - k**3/2 - 2*k**2. Let a = 9 - 6. What is n(a)?
0
Suppose 0 = -5*h + 2*h + 6. Let v(u) = -1 + 0 + 0*u - h*u + 3*u. Suppose -5*d - o - 9 = -3, 0 = 2*d + 5*o + 7. Calculate v(d).
-2
Suppose t = 4*f + f - 12, -4*f + 27 = 5*t. Suppose 4*q = 2*a - 4, 3*q + t*a - 15 = -0*q. Let d(v) = 6*v**2 + 2*v - 1. Give d(q).
7
Suppose l = 2*f - 8, -6*l + 2*f = -2*l + 8. Let d(m) = -m**2 - 5 - 4*m + 2 + 2 + l. Give d(-4).
-1
Let k(t) = -5*t**2 + 3*t + 6. Let z(d) = d**3 + 11*d**2 + 11*d + 6. Let j be z(-10). Let m(a) = 4*a**2 - 2*a - 5. Let w(c) = j*m(c) - 3*k(c). What is w(-4)?
-10
Let h be 3/(-5) - 2/5. Let n be h*1/(-1) - 5. Let y(z) be the third derivative of z**4/24 + 3*z**3/2 + 4*z**2. Calculate y(n).
5
Let j be (0/(-2))/2 - -4. Let h(x) = -3 + j - x - 2. Let q(d) = d**3 - 4*d**2 - 2*d + 9. Let v be q(4). Give h(v).
-2
Let r(f) = 8*f + 2. Let t be r(2